{"id":173,"date":"2018-10-08T14:55:51","date_gmt":"2018-10-08T11:55:51","guid":{"rendered":"http:\/\/maanrakennuskaartoaho.fi\/fin\/?page_id=173"},"modified":"2024-03-06T14:14:43","modified_gmt":"2024-03-06T12:14:43","slug":"maanrakennus","status":"publish","type":"page","link":"https:\/\/maanrakennuskaartoaho.fi\/fin\/maanrakennus\/","title":{"rendered":""},"content":{"rendered":"\t\t<div data-elementor-type=\"wp-page\" data-elementor-id=\"173\" class=\"elementor elementor-173\">\n\t\t\t\t<div class=\"elementor-element elementor-element-6a5f870 e-con-full e-flex e-con e-parent\" data-id=\"6a5f870\" data-element_type=\"container\" data-settings=\"{&quot;content_width&quot;:&quot;full&quot;}\" data-core-v316-plus=\"true\">\n\t\t\t\t<div class=\"elementor-element elementor-element-33dd33e elementor-widget elementor-widget-image\" data-id=\"33dd33e\" data-element_type=\"widget\" data-widget_type=\"image.default\">\n\t\t\t\t<div class=\"elementor-widget-container\">\n\t\t\t<style>\/*! elementor - v3.19.0 - 28-02-2024 *\/\n.elementor-widget-image{text-align:center}.elementor-widget-image a{display:inline-block}.elementor-widget-image a img[src$=\".svg\"]{width:48px}.elementor-widget-image img{vertical-align:middle;display:inline-block}<\/style>\t\t\t\t\t\t\t\t\t\t<img decoding=\"async\" width=\"150\" height=\"150\" src=\"https:\/\/maanrakennuskaartoaho.fi\/fin\/wp-content\/uploads\/2023\/09\/Kaivuri-Kuusikulmio-Oranssi-150x150-2.png\" class=\"attachment-thumbnail size-thumbnail wp-image-1144\" alt=\"\" \/>\t\t\t\t\t\t\t\t\t\t\t\t\t<\/div>\n\t\t\t\t<\/div>\n\t\t\t\t<div class=\"elementor-element elementor-element-7ab9cfb elementor-widget elementor-widget-heading\" data-id=\"7ab9cfb\" data-element_type=\"widget\" data-widget_type=\"heading.default\">\n\t\t\t\t<div class=\"elementor-widget-container\">\n\t\t\t<style>\/*! elementor - v3.19.0 - 28-02-2024 *\/\n.elementor-heading-title{padding:0;margin:0;line-height:1}.elementor-widget-heading .elementor-heading-title[class*=elementor-size-]>a{color:inherit;font-size:inherit;line-height:inherit}.elementor-widget-heading .elementor-heading-title.elementor-size-small{font-size:15px}.elementor-widget-heading .elementor-heading-title.elementor-size-medium{font-size:19px}.elementor-widget-heading .elementor-heading-title.elementor-size-large{font-size:29px}.elementor-widget-heading .elementor-heading-title.elementor-size-xl{font-size:39px}.elementor-widget-heading .elementor-heading-title.elementor-size-xxl{font-size:59px}<\/style><h1 class=\"elementor-heading-title elementor-size-default\">MAANRAKENNUSPALVELUT<\/h1>\t\t<\/div>\n\t\t\t\t<\/div>\n\t\t\t\t<\/div>\n\t\t<div class=\"elementor-element elementor-element-cd3bca3 e-flex e-con-boxed e-con e-parent\" data-id=\"cd3bca3\" data-element_type=\"container\" data-settings=\"{&quot;content_width&quot;:&quot;boxed&quot;}\" data-core-v316-plus=\"true\">\n\t\t\t\t\t<div class=\"e-con-inner\">\n\t\t\t\t<div class=\"elementor-element elementor-element-2635721 elementor-widget elementor-widget-text-editor\" data-id=\"2635721\" data-element_type=\"widget\" data-widget_type=\"text-editor.default\">\n\t\t\t\t<div class=\"elementor-widget-container\">\n\t\t\t<style>\/*! elementor - v3.19.0 - 28-02-2024 *\/\n.elementor-widget-text-editor.elementor-drop-cap-view-stacked .elementor-drop-cap{background-color:#69727d;color:#fff}.elementor-widget-text-editor.elementor-drop-cap-view-framed .elementor-drop-cap{color:#69727d;border:3px solid;background-color:transparent}.elementor-widget-text-editor:not(.elementor-drop-cap-view-default) .elementor-drop-cap{margin-top:8px}.elementor-widget-text-editor:not(.elementor-drop-cap-view-default) .elementor-drop-cap-letter{width:1em;height:1em}.elementor-widget-text-editor .elementor-drop-cap{float:left;text-align:center;line-height:1;font-size:50px}.elementor-widget-text-editor .elementor-drop-cap-letter{display:inline-block}<\/style>\t\t\t\t<p>Toteutamme maanrakennuspalveluita vastuullisesti, asiakasl\u00e4ht\u00f6isesti ja aikatauluista kiinni pit\u00e4en.<\/p>\n<p>Yhdess\u00e4 ammattitaitoisten tekij\u00f6iden ja nykyaikaisten kone- ja kuljetuskaluston kanssa pystymme tarjoamaan asiakkaillemme parhaan mahdollisen kokonaisratkaisun maanrakentamiseen.<\/p>\n<p>Maanrakennuspalvelumme kattavat kaikenkokoiset maa- ja vesirakentamisen, pohjarakentamisen ja tierakentamisen palvelut.<\/p>\n<p>Yrityksemme vahvuutena ovat salaoja- ja sadevesij\u00e4rjestelmien kokonaissuunnittelu ja toteutus.<\/p>\t\t\t\t\t\t<\/div>\n\t\t\t\t<\/div>\n\t\t\t\t\t<\/div>\n\t\t\t\t<\/div>\n\t\t<div class=\"elementor-element elementor-element-5f4d0a6 e-con-full e-flex e-con e-parent\" data-id=\"5f4d0a6\" data-element_type=\"container\" data-settings=\"{&quot;content_width&quot;:&quot;full&quot;}\" data-core-v316-plus=\"true\">\n\t\t\t\t<div class=\"elementor-element elementor-element-9b13961 elementor-widget elementor-widget-heading\" data-id=\"9b13961\" data-element_type=\"widget\" data-widget_type=\"heading.default\">\n\t\t\t\t<div class=\"elementor-widget-container\">\n\t\t\t<h2 class=\"elementor-heading-title elementor-size-default\">Vastuullista maanrakentamista jo vuodesta 1997.<\/h2>\t\t<\/div>\n\t\t\t\t<\/div>\n\t\t\t\t<\/div>\n\t\t<div class=\"elementor-element elementor-element-54da03d e-con-full e-flex e-con e-parent\" data-id=\"54da03d\" data-element_type=\"container\" data-settings=\"{&quot;content_width&quot;:&quot;full&quot;}\" data-core-v316-plus=\"true\">\n\t\t<div class=\"elementor-element elementor-element-2a17e9d e-con-full e-flex e-con e-child\" data-id=\"2a17e9d\" data-element_type=\"container\" data-settings=\"{&quot;content_width&quot;:&quot;full&quot;}\">\n\t\t\t\t<div class=\"elementor-element elementor-element-20db60d elementor-widget elementor-widget-image\" data-id=\"20db60d\" data-element_type=\"widget\" data-widget_type=\"image.default\">\n\t\t\t\t<div class=\"elementor-widget-container\">\n\t\t\t\t\t\t\t\t\t\t\t\t\t<img decoding=\"async\" width=\"150\" height=\"150\" src=\"https:\/\/maanrakennuskaartoaho.fi\/fin\/wp-content\/uploads\/2023\/08\/Yhteydenotto-Kuusikulmio-Musta-1-150x150.png\" class=\"attachment-thumbnail size-thumbnail wp-image-934\" alt=\"\" srcset=\"https:\/\/maanrakennuskaartoaho.fi\/fin\/wp-content\/uploads\/2023\/08\/Yhteydenotto-Kuusikulmio-Musta-1-150x150.png 150w, https:\/\/maanrakennuskaartoaho.fi\/fin\/wp-content\/uploads\/2023\/08\/Yhteydenotto-Kuusikulmio-Musta-1-300x300.png 300w, https:\/\/maanrakennuskaartoaho.fi\/fin\/wp-content\/uploads\/2023\/08\/Yhteydenotto-Kuusikulmio-Musta-1.png 500w\" sizes=\"(max-width: 150px) 100vw, 150px\" \/>\t\t\t\t\t\t\t\t\t\t\t\t\t<\/div>\n\t\t\t\t<\/div>\n\t\t\t\t<div class=\"elementor-element elementor-element-dd05683 elementor-widget elementor-widget-heading\" data-id=\"dd05683\" data-element_type=\"widget\" data-widget_type=\"heading.default\">\n\t\t\t\t<div class=\"elementor-widget-container\">\n\t\t\t<h2 class=\"elementor-heading-title elementor-size-default\">YHTEYSTIEDOT\n<\/h2>\t\t<\/div>\n\t\t\t\t<\/div>\n\t\t\t\t<\/div>\n\t\t<div class=\"elementor-element elementor-element-0712929 e-con-full e-flex e-con e-child\" data-id=\"0712929\" data-element_type=\"container\" data-settings=\"{&quot;content_width&quot;:&quot;full&quot;}\">\n\t\t\t\t<div class=\"elementor-element elementor-element-114dd93 elementor-widget elementor-widget-heading\" data-id=\"114dd93\" data-element_type=\"widget\" data-widget_type=\"heading.default\">\n\t\t\t\t<div class=\"elementor-widget-container\">\n\t\t\t<h2 class=\"elementor-heading-title elementor-size-default\">VILLE-PEKKA KAARTOAHO<\/h2>\t\t<\/div>\n\t\t\t\t<\/div>\n\t\t\t\t<div class=\"elementor-element elementor-element-a9b0cd9 elementor-widget elementor-widget-text-editor\" data-id=\"a9b0cd9\" data-element_type=\"widget\" data-widget_type=\"text-editor.default\">\n\t\t\t\t<div class=\"elementor-widget-container\">\n\t\t\t\t\t\t\t<p><a href=\"tel:+358403601008\">040 3601008<\/a><\/p>\t\t\t\t\t\t<\/div>\n\t\t\t\t<\/div>\n\t\t\t\t<\/div>\n\t\t<div class=\"elementor-element elementor-element-fc9383a e-con-full e-flex e-con e-child\" data-id=\"fc9383a\" data-element_type=\"container\" data-settings=\"{&quot;content_width&quot;:&quot;full&quot;}\">\n\t\t\t\t<div class=\"elementor-element elementor-element-8dda00d elementor-widget elementor-widget-heading\" data-id=\"8dda00d\" data-element_type=\"widget\" data-widget_type=\"heading.default\">\n\t\t\t\t<div class=\"elementor-widget-container\">\n\t\t\t<h2 class=\"elementor-heading-title elementor-size-default\">PEKKA KAARTOAHO<\/h2>\t\t<\/div>\n\t\t\t\t<\/div>\n\t\t\t\t<div class=\"elementor-element elementor-element-41c2962 elementor-widget elementor-widget-text-editor\" data-id=\"41c2962\" data-element_type=\"widget\" data-widget_type=\"text-editor.default\">\n\t\t\t\t<div class=\"elementor-widget-container\">\n\t\t\t\t\t\t\t<p><a href=\"tel:+358400980115\">040 0980115<\/a><\/p>\t\t\t\t\t\t<\/div>\n\t\t\t\t<\/div>\n\t\t\t\t<\/div>\n\t\t<div class=\"elementor-element elementor-element-f09cc81 e-con-full e-flex e-con e-child\" data-id=\"f09cc81\" data-element_type=\"container\" data-settings=\"{&quot;content_width&quot;:&quot;full&quot;}\">\n\t\t\t\t<div class=\"elementor-element elementor-element-95ac3ea elementor-widget elementor-widget-heading\" data-id=\"95ac3ea\" data-element_type=\"widget\" data-widget_type=\"heading.default\">\n\t\t\t\t<div class=\"elementor-widget-container\">\n\t\t\t<h2 class=\"elementor-heading-title elementor-size-default\">S\u00c4HK\u00d6POSTI<\/h2>\t\t<\/div>\n\t\t\t\t<\/div>\n\t\t\t\t<div class=\"elementor-element elementor-element-5afad71 elementor-widget elementor-widget-text-editor\" data-id=\"5afad71\" data-element_type=\"widget\" data-widget_type=\"text-editor.default\">\n\t\t\t\t<div class=\"elementor-widget-container\">\n\t\t\t\t\t\t\t<p><a href=\"mailto:info@maanrakennuskaartoaho.fi\">info@maanrakennuskaartoaho.fi<\/a><\/p>\t\t\t\t\t\t<\/div>\n\t\t\t\t<\/div>\n\t\t\t\t<\/div>\n\t\t\t\t<\/div>\n\t\t<div class=\"elementor-element elementor-element-61ade96 e-con-full e-flex e-con e-parent\" data-id=\"61ade96\" data-element_type=\"container\" data-settings=\"{&quot;content_width&quot;:&quot;full&quot;}\" data-core-v316-plus=\"true\">\n\t\t<div class=\"elementor-element elementor-element-9a8ee23 e-con-full e-flex e-con e-child\" data-id=\"9a8ee23\" data-element_type=\"container\" data-settings=\"{&quot;content_width&quot;:&quot;full&quot;}\">\n\t\t<div class=\"elementor-element elementor-element-090f1a3 e-con-full e-flex e-con e-child\" data-id=\"090f1a3\" data-element_type=\"container\" data-settings=\"{&quot;content_width&quot;:&quot;full&quot;}\">\n\t\t\t\t<div class=\"elementor-element elementor-element-4eea29b elementor-widget elementor-widget-image\" data-id=\"4eea29b\" data-element_type=\"widget\" data-widget_type=\"image.default\">\n\t\t\t\t<div class=\"elementor-widget-container\">\n\t\t\t\t\t\t\t\t\t\t\t\t\t<img decoding=\"async\" width=\"284\" height=\"133\" src=\"https:\/\/maanrakennuskaartoaho.fi\/fin\/wp-content\/uploads\/2024\/03\/Luotettava-Kumppani-e1692690057919-150x133-1.webp\" class=\"attachment-large size-large wp-image-1338\" alt=\"Luotettava Kumppani\" \/>\t\t\t\t\t\t\t\t\t\t\t\t\t<\/div>\n\t\t\t\t<\/div>\n\t\t\t\t<\/div>\n\t\t<div class=\"elementor-element elementor-element-d81d7d3 e-con-full e-flex e-con e-child\" data-id=\"d81d7d3\" data-element_type=\"container\" data-settings=\"{&quot;content_width&quot;:&quot;full&quot;}\">\n\t\t\t\t<div class=\"elementor-element elementor-element-2536b76 elementor-widget elementor-widget-image\" data-id=\"2536b76\" data-element_type=\"widget\" data-widget_type=\"image.default\">\n\t\t\t\t<div class=\"elementor-widget-container\">\n\t\t\t\t\t\t\t\t\t\t\t\t\t<img loading=\"lazy\" decoding=\"async\" width=\"300\" height=\"222\" src=\"https:\/\/maanrakennuskaartoaho.fi\/fin\/wp-content\/uploads\/2024\/03\/AA-logo-2022-FI-300x222-1.webp\" class=\"attachment-large size-large wp-image-1335\" alt=\"AA Luottoluokitus\" \/>\t\t\t\t\t\t\t\t\t\t\t\t\t<\/div>\n\t\t\t\t<\/div>\n\t\t\t\t<\/div>\n\t\t\t\t<\/div>\n\t\t\t\t<\/div>\n\t\t\t\t<\/div>\n\t\t","protected":false},"excerpt":{"rendered":"<p>MAANRAKENNUSPALVELUT Toteutamme maanrakennuspalveluita vastuullisesti, asiakasl\u00e4ht\u00f6isesti ja aikatauluista kiinni pit\u00e4en. Yhdess\u00e4 ammattitaitoisten tekij\u00f6iden ja nykyaikaisten kone- ja kuljetuskaluston kanssa pystymme tarjoamaan asiakkaillemme parhaan mahdollisen kokonaisratkaisun maanrakentamiseen. Maanrakennuspalvelumme kattavat kaikenkokoiset maa- ja vesirakentamisen, pohjarakentamisen ja tierakentamisen palvelut. Yrityksemme vahvuutena ovat salaoja- ja sadevesij\u00e4rjestelmien kokonaissuunnittelu ja toteutus. Vastuullista maanrakentamista jo vuodesta 1997. YHTEYSTIEDOT VILLE-PEKKA KAARTOAHO 040 3601008 PEKKA [&hellip;]<\/p>\n","protected":false},"author":1,"featured_media":0,"parent":0,"menu_order":0,"comment_status":"closed","ping_status":"closed","template":"elementor_header_footer","meta":{"om_disable_all_campaigns":false,"_monsterinsights_skip_tracking":false,"_monsterinsights_sitenote_active":false,"_monsterinsights_sitenote_note":"","_monsterinsights_sitenote_category":0,"_uf_show_specific_survey":0,"_uf_disable_surveys":false,"footnotes":""},"class_list":["post-173","page","type-page","status-publish","hentry"],"blocksy_meta":"","aioseo_notices":[],"_links":{"self":[{"href":"https:\/\/maanrakennuskaartoaho.fi\/fin\/wp-json\/wp\/v2\/pages\/173","targetHints":{"allow":["GET"]}}],"collection":[{"href":"https:\/\/maanrakennuskaartoaho.fi\/fin\/wp-json\/wp\/v2\/pages"}],"about":[{"href":"https:\/\/maanrakennuskaartoaho.fi\/fin\/wp-json\/wp\/v2\/types\/page"}],"author":[{"embeddable":true,"href":"https:\/\/maanrakennuskaartoaho.fi\/fin\/wp-json\/wp\/v2\/users\/1"}],"replies":[{"embeddable":true,"href":"https:\/\/maanrakennuskaartoaho.fi\/fin\/wp-json\/wp\/v2\/comments?post=173"}],"version-history":[{"count":130,"href":"https:\/\/maanrakennuskaartoaho.fi\/fin\/wp-json\/wp\/v2\/pages\/173\/revisions"}],"predecessor-version":[{"id":1399,"href":"https:\/\/maanrakennuskaartoaho.fi\/fin\/wp-json\/wp\/v2\/pages\/173\/revisions\/1399"}],"wp:attachment":[{"href":"https:\/\/maanrakennuskaartoaho.fi\/fin\/wp-json\/wp\/v2\/media?parent=173"}],"curies":[{"name":"wp","href":"https:\/\/api.w.org\/{rel}","templated":true}]}}