{"id":2,"date":"2018-10-05T13:43:32","date_gmt":"2018-10-05T10:43:32","guid":{"rendered":"http:\/\/maanrakennuskaartoaho.fi\/fin\/?page_id=2"},"modified":"2024-06-07T07:46:37","modified_gmt":"2024-06-07T04:46:37","slug":"esimerkkisivu","status":"publish","type":"page","link":"https:\/\/maanrakennuskaartoaho.fi\/fin\/","title":{"rendered":"Etusivu"},"content":{"rendered":"\t\t<div data-elementor-type=\"wp-page\" data-elementor-id=\"2\" class=\"elementor elementor-2\">\n\t\t\t\t<div class=\"elementor-element elementor-element-ada5e93 e-flex e-con-boxed e-con e-parent\" data-id=\"ada5e93\" data-element_type=\"container\" data-settings=\"{&quot;content_width&quot;:&quot;boxed&quot;}\" data-core-v316-plus=\"true\">\n\t\t\t\t\t<div class=\"e-con-inner\">\n\t\t\t\t<div class=\"elementor-element elementor-element-1c76640 elementor-widget elementor-widget-image\" data-id=\"1c76640\" data-element_type=\"widget\" data-widget_type=\"image.default\">\n\t\t\t\t<div class=\"elementor-widget-container\">\n\t\t\t<style>\/*! elementor - v3.19.0 - 28-02-2024 *\/\n.elementor-widget-image{text-align:center}.elementor-widget-image a{display:inline-block}.elementor-widget-image a img[src$=\".svg\"]{width:48px}.elementor-widget-image img{vertical-align:middle;display:inline-block}<\/style>\t\t\t\t\t\t\t\t\t\t<img fetchpriority=\"high\" decoding=\"async\" width=\"768\" height=\"359\" src=\"https:\/\/maanrakennuskaartoaho.fi\/fin\/wp-content\/uploads\/2024\/03\/Maanrakennus-Kaartoaho-Lahti-Logo-2.webp\" class=\"attachment-medium_large size-medium_large wp-image-1329\" alt=\"Maanrakennus Lahti Urakoitsija Yritys\" srcset=\"https:\/\/maanrakennuskaartoaho.fi\/fin\/wp-content\/uploads\/2024\/03\/Maanrakennus-Kaartoaho-Lahti-Logo-2.webp 768w, https:\/\/maanrakennuskaartoaho.fi\/fin\/wp-content\/uploads\/2024\/03\/Maanrakennus-Kaartoaho-Lahti-Logo-2-300x140.webp 300w\" sizes=\"(max-width: 768px) 100vw, 768px\" \/>\t\t\t\t\t\t\t\t\t\t\t\t\t<\/div>\n\t\t\t\t<\/div>\n\t\t\t\t\t<\/div>\n\t\t\t\t<\/div>\n\t\t<div class=\"elementor-element elementor-element-7e2a60c e-flex e-con-boxed e-con e-parent\" data-id=\"7e2a60c\" data-element_type=\"container\" data-settings=\"{&quot;content_width&quot;:&quot;boxed&quot;}\" data-core-v316-plus=\"true\">\n\t\t\t\t\t<div class=\"e-con-inner\">\n\t\t\t\t<div class=\"elementor-element elementor-element-c9ca877 elementor-widget elementor-widget-text-editor\" data-id=\"c9ca877\" data-element_type=\"widget\" data-widget_type=\"text-editor.default\">\n\t\t\t\t<div class=\"elementor-widget-container\">\n\t\t\t<style>\/*! elementor - v3.19.0 - 28-02-2024 *\/\n.elementor-widget-text-editor.elementor-drop-cap-view-stacked .elementor-drop-cap{background-color:#69727d;color:#fff}.elementor-widget-text-editor.elementor-drop-cap-view-framed .elementor-drop-cap{color:#69727d;border:3px solid;background-color:transparent}.elementor-widget-text-editor:not(.elementor-drop-cap-view-default) .elementor-drop-cap{margin-top:8px}.elementor-widget-text-editor:not(.elementor-drop-cap-view-default) .elementor-drop-cap-letter{width:1em;height:1em}.elementor-widget-text-editor .elementor-drop-cap{float:left;text-align:center;line-height:1;font-size:50px}.elementor-widget-text-editor .elementor-drop-cap-letter{display:inline-block}<\/style>\t\t\t\t<p>Maanrakennus Kaartoaho Oy on lahtelainen, koko Etel\u00e4-Suomen alueella<span style=\"font-size: inherit; text-align: inherit; color: var( --e-global-color-primary ); font-style: var(--fontStyle, inherit); letter-spacing: var(--letterSpacing); text-transform: var(--textTransform);\">\u00a0toimiva luotettava yhteisty\u00f6kumppani kaikenkokoisiin maanrakennusprojekteihin.<\/span><\/p><p>Toimintamme ydin on asiakas. Palvelemme sinua mahdollisimman kokonaisvaltaisesti, pienimpi\u00e4kin toiveitasi kunnioittaen.<\/p><p><strong>Yrityksemme t\u00e4rkein henkil\u00f6 olet Sin\u00e4.<\/strong><\/p>\t\t\t\t\t\t<\/div>\n\t\t\t\t<\/div>\n\t\t\t\t\t<\/div>\n\t\t\t\t<\/div>\n\t\t<div class=\"elementor-element elementor-element-0f954e8 e-con-full e-flex e-con e-parent\" data-id=\"0f954e8\" data-element_type=\"container\" data-settings=\"{&quot;content_width&quot;:&quot;full&quot;}\" data-core-v316-plus=\"true\">\n\t\t<div class=\"elementor-element elementor-element-80a9a6f e-con-full e-flex e-con e-child\" data-id=\"80a9a6f\" data-element_type=\"container\" data-settings=\"{&quot;content_width&quot;:&quot;full&quot;}\">\n\t\t\t\t<div class=\"elementor-element elementor-element-8a15615 elementor-widget elementor-widget-image\" data-id=\"8a15615\" data-element_type=\"widget\" data-widget_type=\"image.default\">\n\t\t\t\t<div class=\"elementor-widget-container\">\n\t\t\t\t\t\t\t\t\t\t\t\t\t<img decoding=\"async\" width=\"150\" height=\"150\" src=\"https:\/\/maanrakennuskaartoaho.fi\/fin\/wp-content\/uploads\/2023\/08\/Yhteydenotto-Kuusikulmio-Musta-1-150x150.png\" class=\"attachment-thumbnail size-thumbnail wp-image-934\" alt=\"\" srcset=\"https:\/\/maanrakennuskaartoaho.fi\/fin\/wp-content\/uploads\/2023\/08\/Yhteydenotto-Kuusikulmio-Musta-1-150x150.png 150w, https:\/\/maanrakennuskaartoaho.fi\/fin\/wp-content\/uploads\/2023\/08\/Yhteydenotto-Kuusikulmio-Musta-1-300x300.png 300w, https:\/\/maanrakennuskaartoaho.fi\/fin\/wp-content\/uploads\/2023\/08\/Yhteydenotto-Kuusikulmio-Musta-1.png 500w\" sizes=\"(max-width: 150px) 100vw, 150px\" \/>\t\t\t\t\t\t\t\t\t\t\t\t\t<\/div>\n\t\t\t\t<\/div>\n\t\t\t\t<div class=\"elementor-element elementor-element-1984f54 elementor-widget elementor-widget-heading\" data-id=\"1984f54\" data-element_type=\"widget\" data-widget_type=\"heading.default\">\n\t\t\t\t<div class=\"elementor-widget-container\">\n\t\t\t<style>\/*! elementor - v3.19.0 - 28-02-2024 *\/\n.elementor-heading-title{padding:0;margin:0;line-height:1}.elementor-widget-heading .elementor-heading-title[class*=elementor-size-]>a{color:inherit;font-size:inherit;line-height:inherit}.elementor-widget-heading .elementor-heading-title.elementor-size-small{font-size:15px}.elementor-widget-heading .elementor-heading-title.elementor-size-medium{font-size:19px}.elementor-widget-heading .elementor-heading-title.elementor-size-large{font-size:29px}.elementor-widget-heading .elementor-heading-title.elementor-size-xl{font-size:39px}.elementor-widget-heading .elementor-heading-title.elementor-size-xxl{font-size:59px}<\/style><h1 class=\"elementor-heading-title elementor-size-default\">YHTEYSTIEDOT<\/h1>\t\t<\/div>\n\t\t\t\t<\/div>\n\t\t\t\t<\/div>\n\t\t<div class=\"elementor-element elementor-element-8b042c0 e-con-full e-flex e-con e-child\" data-id=\"8b042c0\" data-element_type=\"container\" data-settings=\"{&quot;content_width&quot;:&quot;full&quot;}\">\n\t\t\t\t<div class=\"elementor-element elementor-element-05ee9d7 elementor-widget elementor-widget-heading\" data-id=\"05ee9d7\" data-element_type=\"widget\" data-widget_type=\"heading.default\">\n\t\t\t\t<div class=\"elementor-widget-container\">\n\t\t\t<h3 class=\"elementor-heading-title elementor-size-default\">VILLE-PEKKA KAARTOAHO<\/h3>\t\t<\/div>\n\t\t\t\t<\/div>\n\t\t\t\t<div class=\"elementor-element elementor-element-3b2b766 elementor-widget elementor-widget-text-editor\" data-id=\"3b2b766\" data-element_type=\"widget\" data-widget_type=\"text-editor.default\">\n\t\t\t\t<div class=\"elementor-widget-container\">\n\t\t\t\t\t\t\t<p><a href=\"tel:+358443601008\">044 3601008<\/a><\/p>\t\t\t\t\t\t<\/div>\n\t\t\t\t<\/div>\n\t\t\t\t<\/div>\n\t\t<div class=\"elementor-element elementor-element-30cd7e7 e-con-full e-flex e-con e-child\" data-id=\"30cd7e7\" data-element_type=\"container\" data-settings=\"{&quot;content_width&quot;:&quot;full&quot;}\">\n\t\t\t\t<div class=\"elementor-element elementor-element-3c6ac9b elementor-widget elementor-widget-heading\" data-id=\"3c6ac9b\" data-element_type=\"widget\" data-widget_type=\"heading.default\">\n\t\t\t\t<div class=\"elementor-widget-container\">\n\t\t\t<h3 class=\"elementor-heading-title elementor-size-default\">PEKKA KAARTOAHO<\/h3>\t\t<\/div>\n\t\t\t\t<\/div>\n\t\t\t\t<div class=\"elementor-element elementor-element-bbd0789 elementor-widget elementor-widget-text-editor\" data-id=\"bbd0789\" data-element_type=\"widget\" data-widget_type=\"text-editor.default\">\n\t\t\t\t<div class=\"elementor-widget-container\">\n\t\t\t\t\t\t\t<p><a href=\"tel:+358400980115\">040 0980115<\/a><\/p>\t\t\t\t\t\t<\/div>\n\t\t\t\t<\/div>\n\t\t\t\t<\/div>\n\t\t<div class=\"elementor-element elementor-element-7693923 e-con-full e-flex e-con e-child\" data-id=\"7693923\" data-element_type=\"container\" data-settings=\"{&quot;content_width&quot;:&quot;full&quot;}\">\n\t\t\t\t<div class=\"elementor-element elementor-element-4616fa2 elementor-widget elementor-widget-heading\" data-id=\"4616fa2\" data-element_type=\"widget\" data-widget_type=\"heading.default\">\n\t\t\t\t<div class=\"elementor-widget-container\">\n\t\t\t<h3 class=\"elementor-heading-title elementor-size-default\">S\u00c4HK\u00d6POSTI<\/h3>\t\t<\/div>\n\t\t\t\t<\/div>\n\t\t\t\t<div class=\"elementor-element elementor-element-12f173e elementor-widget elementor-widget-text-editor\" data-id=\"12f173e\" data-element_type=\"widget\" data-widget_type=\"text-editor.default\">\n\t\t\t\t<div class=\"elementor-widget-container\">\n\t\t\t\t\t\t\t<p><a href=\"mailto:info@maanrakennuskaartoaho.fi\">info@maanrakennuskaartoaho.fi<\/a><\/p>\t\t\t\t\t\t<\/div>\n\t\t\t\t<\/div>\n\t\t\t\t<\/div>\n\t\t\t\t<\/div>\n\t\t<div class=\"elementor-element elementor-element-d38312a e-con-full e-flex e-con e-parent\" data-id=\"d38312a\" data-element_type=\"container\" data-settings=\"{&quot;content_width&quot;:&quot;full&quot;}\" data-core-v316-plus=\"true\">\n\t\t<div class=\"elementor-element elementor-element-a8901cd e-con-full e-flex e-con e-child\" data-id=\"a8901cd\" data-element_type=\"container\" data-settings=\"{&quot;content_width&quot;:&quot;full&quot;}\">\n\t\t\t\t<div class=\"elementor-element elementor-element-d5d9dd1 elementor-widget elementor-widget-heading\" data-id=\"d5d9dd1\" data-element_type=\"widget\" data-widget_type=\"heading.default\">\n\t\t\t\t<div class=\"elementor-widget-container\">\n\t\t\t<h2 class=\"elementor-heading-title elementor-size-default\">Vastuullista maanrakentamista jo vuodesta 1997.<\/h2>\t\t<\/div>\n\t\t\t\t<\/div>\n\t\t\t\t<\/div>\n\t\t\t\t<\/div>\n\t\t<div class=\"elementor-element elementor-element-715496e e-con-full e-flex e-con e-parent\" data-id=\"715496e\" data-element_type=\"container\" data-settings=\"{&quot;content_width&quot;:&quot;full&quot;}\" data-core-v316-plus=\"true\">\n\t\t<div class=\"elementor-element elementor-element-f5efa06 e-con-full e-flex e-con e-child\" data-id=\"f5efa06\" data-element_type=\"container\" data-settings=\"{&quot;content_width&quot;:&quot;full&quot;}\">\n\t\t\t\t<div class=\"elementor-element elementor-element-1820663 elementor-widget elementor-widget-image\" data-id=\"1820663\" data-element_type=\"widget\" data-widget_type=\"image.default\">\n\t\t\t\t<div class=\"elementor-widget-container\">\n\t\t\t\t\t\t\t\t\t\t\t\t\t<img decoding=\"async\" width=\"150\" height=\"150\" src=\"https:\/\/maanrakennuskaartoaho.fi\/fin\/wp-content\/uploads\/2023\/08\/Lasku-Kuusikulmio-White-150x150.png\" class=\"attachment-thumbnail size-thumbnail wp-image-926\" alt=\"\" srcset=\"https:\/\/maanrakennuskaartoaho.fi\/fin\/wp-content\/uploads\/2023\/08\/Lasku-Kuusikulmio-White-150x150.png 150w, https:\/\/maanrakennuskaartoaho.fi\/fin\/wp-content\/uploads\/2023\/08\/Lasku-Kuusikulmio-White-300x300.png 300w, https:\/\/maanrakennuskaartoaho.fi\/fin\/wp-content\/uploads\/2023\/08\/Lasku-Kuusikulmio-White.png 500w\" sizes=\"(max-width: 150px) 100vw, 150px\" \/>\t\t\t\t\t\t\t\t\t\t\t\t\t<\/div>\n\t\t\t\t<\/div>\n\t\t\t\t<div class=\"elementor-element elementor-element-70acf88 elementor-widget elementor-widget-heading\" data-id=\"70acf88\" data-element_type=\"widget\" data-widget_type=\"heading.default\">\n\t\t\t\t<div class=\"elementor-widget-container\">\n\t\t\t<h2 class=\"elementor-heading-title elementor-size-default\">LASKUTUSTIEDOT<\/h2>\t\t<\/div>\n\t\t\t\t<\/div>\n\t\t\t\t<\/div>\n\t\t<div class=\"elementor-element elementor-element-0f35a09 e-con-full e-flex e-con e-child\" data-id=\"0f35a09\" data-element_type=\"container\" data-settings=\"{&quot;content_width&quot;:&quot;full&quot;}\">\n\t\t\t\t<div class=\"elementor-element elementor-element-3a4c400 elementor-widget elementor-widget-heading\" data-id=\"3a4c400\" data-element_type=\"widget\" data-widget_type=\"heading.default\">\n\t\t\t\t<div class=\"elementor-widget-container\">\n\t\t\t<h3 class=\"elementor-heading-title elementor-size-default\">VERKKOLASKUT<\/h3>\t\t<\/div>\n\t\t\t\t<\/div>\n\t\t\t\t<div class=\"elementor-element elementor-element-42d2ff7 elementor-widget elementor-widget-text-editor\" data-id=\"42d2ff7\" data-element_type=\"widget\" data-widget_type=\"text-editor.default\">\n\t\t\t\t<div class=\"elementor-widget-container\">\n\t\t\t\t\t\t\t<p>Operaattori: Apix Messaging Oy<\/p><p>Verkkolaskuosoite: 003723306125<\/p><p>OVT-tunnus: 003723306125<\/p>\t\t\t\t\t\t<\/div>\n\t\t\t\t<\/div>\n\t\t\t\t<\/div>\n\t\t<div class=\"elementor-element elementor-element-f47c2f1 e-con-full e-flex e-con e-child\" data-id=\"f47c2f1\" data-element_type=\"container\" data-settings=\"{&quot;content_width&quot;:&quot;full&quot;}\">\n\t\t\t\t<div class=\"elementor-element elementor-element-0531990 elementor-widget elementor-widget-heading\" data-id=\"0531990\" data-element_type=\"widget\" data-widget_type=\"heading.default\">\n\t\t\t\t<div class=\"elementor-widget-container\">\n\t\t\t<h3 class=\"elementor-heading-title elementor-size-default\">PAPERILASKUT<\/h3>\t\t<\/div>\n\t\t\t\t<\/div>\n\t\t\t\t<div class=\"elementor-element elementor-element-a67b765 elementor-widget elementor-widget-text-editor\" data-id=\"a67b765\" data-element_type=\"widget\" data-widget_type=\"text-editor.default\">\n\t\t\t\t<div class=\"elementor-widget-container\">\n\t\t\t\t\t\t\t<p>Maanrakennus Kaartoaho Oy (Apix Skannauspalvelu)<\/p>\n<p>PL 16112<\/p>\n<p>00021 LASKUTUS<\/p>\t\t\t\t\t\t<\/div>\n\t\t\t\t<\/div>\n\t\t\t\t<\/div>\n\t\t<div class=\"elementor-element elementor-element-f98ed75 e-con-full e-flex e-con e-child\" data-id=\"f98ed75\" data-element_type=\"container\" data-settings=\"{&quot;content_width&quot;:&quot;full&quot;}\">\n\t\t\t\t<div class=\"elementor-element elementor-element-e0870ba elementor-widget elementor-widget-heading\" data-id=\"e0870ba\" data-element_type=\"widget\" data-widget_type=\"heading.default\">\n\t\t\t\t<div class=\"elementor-widget-container\">\n\t\t\t<h3 class=\"elementor-heading-title elementor-size-default\">S\u00c4HK\u00d6POSTILASKUT<\/h3>\t\t<\/div>\n\t\t\t\t<\/div>\n\t\t\t\t<div class=\"elementor-element elementor-element-a182df7 elementor-widget elementor-widget-text-editor\" data-id=\"a182df7\" data-element_type=\"widget\" data-widget_type=\"text-editor.default\">\n\t\t\t\t<div class=\"elementor-widget-container\">\n\t\t\t\t\t\t\t<p>003723306125@procountor.apix.fi<\/p><p>VAIN PDF-MUODOSSA<\/p>\t\t\t\t\t\t<\/div>\n\t\t\t\t<\/div>\n\t\t\t\t<\/div>\n\t\t\t\t<\/div>\n\t\t<div class=\"elementor-element elementor-element-5ca2523 e-flex e-con-boxed e-con e-parent\" data-id=\"5ca2523\" data-element_type=\"container\" data-settings=\"{&quot;content_width&quot;:&quot;boxed&quot;}\" data-core-v316-plus=\"true\">\n\t\t\t\t\t<div class=\"e-con-inner\">\n\t\t\t\t<div class=\"elementor-element elementor-element-00904f5 elementor-widget elementor-widget-text-editor\" data-id=\"00904f5\" data-element_type=\"widget\" data-widget_type=\"text-editor.default\">\n\t\t\t\t<div class=\"elementor-widget-container\">\n\t\t\t\t\t\t\t<p>S\u00e4hk\u00f6posti- ja paperilaskuja l\u00e4hett\u00e4ess\u00e4si otathan yhteytt\u00e4, saat tarkat laskutusohjeet meilt\u00e4.<\/p>\t\t\t\t\t\t<\/div>\n\t\t\t\t<\/div>\n\t\t\t\t\t<\/div>\n\t\t\t\t<\/div>\n\t\t<div class=\"elementor-element elementor-element-8ff0940 e-con-full e-flex e-con e-parent\" data-id=\"8ff0940\" data-element_type=\"container\" data-settings=\"{&quot;content_width&quot;:&quot;full&quot;}\" data-core-v316-plus=\"true\">\n\t\t<div class=\"elementor-element elementor-element-b0204a3 e-con-full e-flex e-con e-child\" data-id=\"b0204a3\" data-element_type=\"container\" data-settings=\"{&quot;content_width&quot;:&quot;full&quot;}\">\n\t\t\t\t<div class=\"elementor-element elementor-element-10e94d6 elementor-widget elementor-widget-image\" data-id=\"10e94d6\" data-element_type=\"widget\" data-widget_type=\"image.default\">\n\t\t\t\t<div class=\"elementor-widget-container\">\n\t\t\t\t\t\t\t\t\t\t\t\t\t<img loading=\"lazy\" decoding=\"async\" width=\"284\" height=\"133\" src=\"https:\/\/maanrakennuskaartoaho.fi\/fin\/wp-content\/uploads\/2024\/03\/Luotettava-Kumppani-e1692690057919-150x133-1.webp\" class=\"attachment-large size-large wp-image-1338\" alt=\"Luotettava Kumppani\" \/>\t\t\t\t\t\t\t\t\t\t\t\t\t<\/div>\n\t\t\t\t<\/div>\n\t\t\t\t<\/div>\n\t\t<div class=\"elementor-element elementor-element-e125cbb e-con-full e-flex e-con e-child\" data-id=\"e125cbb\" data-element_type=\"container\" data-settings=\"{&quot;content_width&quot;:&quot;full&quot;}\">\n\t\t\t\t<div class=\"elementor-element elementor-element-a54717c elementor-widget elementor-widget-image\" data-id=\"a54717c\" data-element_type=\"widget\" data-widget_type=\"image.default\">\n\t\t\t\t<div class=\"elementor-widget-container\">\n\t\t\t\t\t\t\t\t\t\t\t\t\t<img loading=\"lazy\" decoding=\"async\" width=\"300\" height=\"222\" src=\"https:\/\/maanrakennuskaartoaho.fi\/fin\/wp-content\/uploads\/2024\/03\/AA-logo-2022-FI-300x222-1.webp\" class=\"attachment-medium size-medium wp-image-1335\" alt=\"AA Luottoluokitus\" \/>\t\t\t\t\t\t\t\t\t\t\t\t\t<\/div>\n\t\t\t\t<\/div>\n\t\t\t\t<\/div>\n\t\t\t\t<\/div>\n\t\t\t\t<\/div>\n\t\t","protected":false},"excerpt":{"rendered":"<p>Maanrakennus Kaartoaho Oy on lahtelainen, koko Etel\u00e4-Suomen alueella\u00a0toimiva luotettava yhteisty\u00f6kumppani kaikenkokoisiin maanrakennusprojekteihin. Toimintamme ydin on asiakas. Palvelemme sinua mahdollisimman kokonaisvaltaisesti, pienimpi\u00e4kin toiveitasi kunnioittaen. Yrityksemme t\u00e4rkein henkil\u00f6 olet Sin\u00e4. YHTEYSTIEDOT VILLE-PEKKA KAARTOAHO 044 3601008 PEKKA KAARTOAHO 040 0980115 S\u00c4HK\u00d6POSTI info@maanrakennuskaartoaho.fi Vastuullista maanrakentamista jo vuodesta 1997. LASKUTUSTIEDOT VERKKOLASKUT Operaattori: Apix Messaging Oy Verkkolaskuosoite: 003723306125 OVT-tunnus: 003723306125 PAPERILASKUT [&hellip;]<\/p>\n","protected":false},"author":1,"featured_media":0,"parent":0,"menu_order":0,"comment_status":"closed","ping_status":"open","template":"elementor_header_footer","meta":{"om_disable_all_campaigns":false,"_monsterinsights_skip_tracking":false,"_monsterinsights_sitenote_active":false,"_monsterinsights_sitenote_note":"","_monsterinsights_sitenote_category":0,"_uf_show_specific_survey":0,"_uf_disable_surveys":false,"footnotes":""},"class_list":["post-2","page","type-page","status-publish","hentry"],"blocksy_meta":"","aioseo_notices":[],"_links":{"self":[{"href":"https:\/\/maanrakennuskaartoaho.fi\/fin\/wp-json\/wp\/v2\/pages\/2","targetHints":{"allow":["GET"]}}],"collection":[{"href":"https:\/\/maanrakennuskaartoaho.fi\/fin\/wp-json\/wp\/v2\/pages"}],"about":[{"href":"https:\/\/maanrakennuskaartoaho.fi\/fin\/wp-json\/wp\/v2\/types\/page"}],"author":[{"embeddable":true,"href":"https:\/\/maanrakennuskaartoaho.fi\/fin\/wp-json\/wp\/v2\/users\/1"}],"replies":[{"embeddable":true,"href":"https:\/\/maanrakennuskaartoaho.fi\/fin\/wp-json\/wp\/v2\/comments?post=2"}],"version-history":[{"count":338,"href":"https:\/\/maanrakennuskaartoaho.fi\/fin\/wp-json\/wp\/v2\/pages\/2\/revisions"}],"predecessor-version":[{"id":1430,"href":"https:\/\/maanrakennuskaartoaho.fi\/fin\/wp-json\/wp\/v2\/pages\/2\/revisions\/1430"}],"wp:attachment":[{"href":"https:\/\/maanrakennuskaartoaho.fi\/fin\/wp-json\/wp\/v2\/media?parent=2"}],"curies":[{"name":"wp","href":"https:\/\/api.w.org\/{rel}","templated":true}]}}